{"id":6417,"date":"2018-03-31T09:04:50","date_gmt":"2018-03-31T09:04:50","guid":{"rendered":"https:\/\/www.schneider-fassaden.de\/?post_type=projekte&#038;p=6417"},"modified":"2021-08-11T07:36:23","modified_gmt":"2021-08-11T07:36:23","slug":"koeln-archiv-montagebeginn","status":"publish","type":"projekte","link":"https:\/\/www.schneider-fassaden.de\/en\/projekte\/koeln-archiv-montagebeginn\/","title":{"rendered":"K\u00f6ln Archiv &#8211; Montagebeginn"},"content":{"rendered":"<div class=\"wpb-content-wrapper\"><p>[vc_row][vc_column][vc_empty_space][vc_custom_heading text=&#8221;Montagebeginn&#8221; font_container=&#8221;tag:h1|text_align:left&#8221; use_theme_fonts=&#8221;yes&#8221;][\/vc_column][\/vc_row][vc_row gap=&#8221;30&#8243;][vc_column width=&#8221;1\/2&#8243;][vc_column_text css=&#8221;.vc_custom_1623308891561{padding-left: 15px !important;}&#8221;]<\/p>\n<p style=\"text-align: right;\"><strong>M\u00e4rz 2018<\/strong><\/p>\n<p style=\"text-align: justify;\"><strong>Montage der ersten Fassadenelemente.<\/strong> In den letzten Monaten haben wir bereits einige Fenster- und Fassadenelemente produziert und nachdem der Rohbau f\u00fcr unsere Montagearbeiten bereit war, konnten wir vor ein paar Wochen mit der Montage der ersten Elemente am K\u00f6lner Archiv am Eifelwall beginnen. Angefangen haben wir am \u00e4u\u00dferen Mantelbau mit der rund 3.800 m\u00b2 Fensterelementfassade aus Aluminium und Douglasienholz, beschichtet mit wei\u00dfem UV-Lack. Die sichtbaren Oberfl\u00e4chen wurden mit Baubronzeblech verkleidet. Los ging es mit dem Einbau der Fenster im Erdgeschoss der Nordostseite und dann weiter entlang des Eifelwalls, bis hoch in das zweiten Obergeschoss. Im Anschluss ging es mit derselben Fensterelementfassade auf der gegen\u00fcberliegenden S\u00fcdwestseite des Mantelbaus weiter. Der Einbau erfolgt bei dieser Fassadenkonstruktion zum einen von innen mit einem Manipulator und zum anderen von au\u00dfen \u00fcber ein Ger\u00fcst.<\/p>\n<p>[\/vc_column_text][\/vc_column][vc_column width=&#8221;1\/2&#8243;][vc_empty_space height=&#8221;70px&#8221;][vc_masonry_media_grid element_width=&#8221;6&#8243; gap=&#8221;15&#8243; grid_id=&#8221;vc_gid:1624343310519-498d32f9-82ba-4&#8243; include=&#8221;6219,6221&#8243; css=&#8221;.vc_custom_1623307718882{padding-right: 5px !important;padding-left: 15px !important;}&#8221;][\/vc_column][\/vc_row][vc_row gap=&#8221;30&#8243;][vc_column width=&#8221;1\/2&#8243;][vc_masonry_media_grid element_width=&#8221;6&#8243; gap=&#8221;15&#8243; grid_id=&#8221;vc_gid:1624343310521-031d38c3-887c-7&#8243; include=&#8221;6223,6225&#8243; css=&#8221;.vc_custom_1623309045219{padding-left: 15px !important;}&#8221;][\/vc_column][vc_column width=&#8221;1\/2&#8243;][vc_column_text css=&#8221;.vc_custom_1623309130441{padding-right: 5px !important;padding-left: 15px !important;}&#8221;]<\/p>\n<p style=\"text-align: justify;\">Nachdem diese beiden Geb\u00e4udeseiten Ihre Fensterelementfassade erhalten haben, kommen jetzt noch die s\u00fcd\u00f6stliche und nordwestliche Geb\u00e4udeseite an die Reihe. Danach kann es schlie\u00dflich mit der Montage der davorgesetzten vertikalen und horizontalen Baubronzelisenen (Brise-Soleil) mit Prallscheiben losgehen. Hier wird dann wieder auf der Nordostseite begonnen. Besonderheit dabei ist, das hier nach Abschnitten von rund 5 m vorgegangen wird. Das bedeutet, sobald die Fassade eines Abschnitts fertig gestellt wurde, erfolgt zun\u00e4chst eine Sichtpr\u00fcfung. Wenn alles soweit gut aussieht, wird der Ger\u00fcstabschnitt abgebaut und am n\u00e4chsten Abschnitt wieder aufgebaut.<\/p>\n<p style=\"text-align: justify;\">Im Anschluss wird die Pfosten-Riegel-Fassade aus Holz, Baubronze und teilweise Stahl an der Nordwestseite, dem zuk\u00fcnftigen Eingangsbereich, sowie den beiden Innenh\u00f6fen verbaut. Nachdem die Fassade am \u00e4u\u00dferen Mantelbau weitestgehend montiert wurde, geht es an die Fassade des sechsst\u00f6ckigen Magazinbaus im Inneren des Geb\u00e4udekomplex, also der gezackten vorgeh\u00e4ngten hinterl\u00fcfteten Baubronze-Blechfassade. Am Ende geht es noch an die Dacharbeiten inklusive Attika und der Montage eines Entrauchungsbauwerks ausgef\u00fchrt als Stahlkonstruktion auf dem Dach des Magazinbaus.<\/p>\n<p>[\/vc_column_text][\/vc_column][\/vc_row][vc_row el_class=&#8221;projekte-grid-container&#8221; css=&#8221;.vc_custom_1623325438784{padding-right: 15px !important;background-color: #f6f6f6 !important;}&#8221;][vc_column offset=&#8221;vc_hidden-xs&#8221;][vc_empty_space height=&#8221;30px&#8221;][vc_custom_heading text=&#8221;PROJEKT IM VERLAUF&#8221; font_container=&#8221;tag:h2|text_align:left|color:%234c4c4c&#8221; use_theme_fonts=&#8221;yes&#8221; css=&#8221;.vc_custom_1623134013548{margin-bottom: 30px !important;}&#8221;][vc_basic_grid post_type=&#8221;projekte&#8221; max_items=&#8221;-1&#8243; style=&#8221;pagination&#8221; items_per_page=&#8221;2&#8243; element_width=&#8221;6&#8243; order=&#8221;ASC&#8221; arrows_design=&#8221;vc_arrow-icon-arrow_01_left&#8221; arrows_position=&#8221;outside&#8221; arrows_color=&#8221;vista_blue&#8221; paging_design=&#8221;none&#8221; loop=&#8221;yes&#8221; item=&#8221;224&#8243; grid_id=&#8221;vc_gid:1624343310522-96627df6-4eac-7&#8243; taxonomies=&#8221;111&#8243; el_class=&#8221;projekte-grid-container&#8221; css=&#8221;.vc_custom_1623401135486{padding-left: 15px !important;}&#8221;][vc_empty_space height=&#8221;30px&#8221;][\/vc_column][\/vc_row][vc_row el_class=&#8221;projekte-grid-container&#8221; css=&#8221;.vc_custom_1623389218679{padding-right: 30px !important;background-color: #f6f6f6 !important;}&#8221;][vc_column offset=&#8221;vc_hidden-lg vc_hidden-md vc_hidden-sm&#8221;][vc_empty_space height=&#8221;30px&#8221;][vc_custom_heading text=&#8221;PROJEKT IM VERLAUF&#8221; font_container=&#8221;tag:h2|text_align:left|color:%234c4c4c&#8221; use_theme_fonts=&#8221;yes&#8221; css=&#8221;.vc_custom_1623389309198{margin-bottom: 30px !important;padding-left: 15px !important;}&#8221;][vc_basic_grid post_type=&#8221;projekte&#8221; max_items=&#8221;-1&#8243; style=&#8221;pagination&#8221; items_per_page=&#8221;1&#8243; element_width=&#8221;6&#8243; order=&#8221;ASC&#8221; arrows_design=&#8221;vc_arrow-icon-arrow_01_left&#8221; arrows_position=&#8221;outside&#8221; arrows_color=&#8221;vista_blue&#8221; paging_design=&#8221;none&#8221; loop=&#8221;yes&#8221; item=&#8221;224&#8243; grid_id=&#8221;vc_gid:1624343310527-659a5f15-8abf-6&#8243; taxonomies=&#8221;111&#8243; css=&#8221;.vc_custom_1623401140175{padding-left: 30px !important;}&#8221;][vc_empty_space height=&#8221;30px&#8221;][\/vc_column][\/vc_row][vc_row gap=&#8221;30&#8243;][vc_column width=&#8221;1\/3&#8243; offset=&#8221;vc_col-xs-6&#8243;][\/vc_column][vc_column width=&#8221;1\/3&#8243; offset=&#8221;vc_col-xs-6&#8243;][\/vc_column][vc_column width=&#8221;1\/3&#8243;]<div class=\" ubtn-ctn-right \"><a class=\"ubtn-link ult-adjust-bottom-margin ubtn-right ubtn-block \" href=\"https:\/\/www.schneider-fassaden.de\/projekt-news\/\" ><button type=\"button\" id=\"ubtn-1012\"  class=\"ubtn ult-adjust-bottom-margin ult-responsive ubtn-block ubtn-no-hover-bg  none  ubtn-right   tooltip-69f192dc74862 ubtn-block\"  data-hover=\"\" data-border-color=\"\" data-bg=\"#f6f6f6\" data-hover-bg=\"\" data-border-hover=\"\" data-shadow-hover=\"\" data-shadow-click=\"none\" data-shadow=\"\" data-shd-shadow=\"\"  data-ultimate-target='#ubtn-1012'  data-responsive-json-new='{\"font-size\":\"desktop:40px;\",\"line-height\":\"\"}'  style=\"font-weight:bold;border:none;background: #f6f6f6;color: #017955;\"><span class=\"ubtn-data ubtn-icon\"><i class=\"none\" style=\"font-size:32px;color:#017955;\"><\/i><\/span><span class=\"ubtn-hover\" style=\"background-color:\"><\/span><span class=\"ubtn-data ubtn-text \" >&lt;&lt;&lt; Zur\u00fcck zur \u00dcbersicht<\/span><\/button><\/a><\/div>[\/vc_column][\/vc_row]<\/p><\/div>","protected":false},"excerpt":{"rendered":"<p>Montage der ersten Fassadenelemente. In den letzten Monaten haben wir bereits einige Fenster- und Fassadenelemente produziert und nachdem der Rohbau f\u00fcr unsere Montagearbeiten bereit war, konnten wir vor ein paar Wochen mit der Montage der ersten Elemente am K\u00f6lner Archiv am Eifelwall beginnen.<\/p>\n","protected":false},"author":15,"featured_media":6219,"menu_order":3,"template":"","format":"standard","meta":{"_acf_changed":false},"categories":[11,111],"tags":[],"material":[44,117,45,56,46],"land":[42],"nutzung":[60],"class_list":["post-6417","projekte","type-projekte","status-publish","format-standard","has-post-thumbnail","hentry","category-projekt-news","category-koeln-archiv","material-aluminium","material-bronze","material-glas","material-holz","material-stahl","land-deutschland","nutzung-kunst-kultur"],"acf":[],"_links":{"self":[{"href":"https:\/\/www.schneider-fassaden.de\/en\/wp-json\/wp\/v2\/projekte\/6417","targetHints":{"allow":["GET"]}}],"collection":[{"href":"https:\/\/www.schneider-fassaden.de\/en\/wp-json\/wp\/v2\/projekte"}],"about":[{"href":"https:\/\/www.schneider-fassaden.de\/en\/wp-json\/wp\/v2\/types\/projekte"}],"author":[{"embeddable":true,"href":"https:\/\/www.schneider-fassaden.de\/en\/wp-json\/wp\/v2\/users\/15"}],"wp:featuredmedia":[{"embeddable":true,"href":"https:\/\/www.schneider-fassaden.de\/en\/wp-json\/wp\/v2\/media\/6219"}],"wp:attachment":[{"href":"https:\/\/www.schneider-fassaden.de\/en\/wp-json\/wp\/v2\/media?parent=6417"}],"wp:term":[{"taxonomy":"category","embeddable":true,"href":"https:\/\/www.schneider-fassaden.de\/en\/wp-json\/wp\/v2\/categories?post=6417"},{"taxonomy":"post_tag","embeddable":true,"href":"https:\/\/www.schneider-fassaden.de\/en\/wp-json\/wp\/v2\/tags?post=6417"},{"taxonomy":"material","embeddable":true,"href":"https:\/\/www.schneider-fassaden.de\/en\/wp-json\/wp\/v2\/material?post=6417"},{"taxonomy":"land","embeddable":true,"href":"https:\/\/www.schneider-fassaden.de\/en\/wp-json\/wp\/v2\/land?post=6417"},{"taxonomy":"nutzung","embeddable":true,"href":"https:\/\/www.schneider-fassaden.de\/en\/wp-json\/wp\/v2\/nutzung?post=6417"}],"curies":[{"name":"wp","href":"https:\/\/api.w.org\/{rel}","templated":true}]}}

Köln Archiv &#8211; Montagebeginn

<div class="wpb-content-wrapper"><p>[vc_row][vc_column][vc_empty_space][vc_custom_heading text=&#8221;Montagebeginn&#8221; font_container=&#8221;tag:h1|text_align:left&#8221; use_theme_fonts=&#8221;yes&#8221;][/vc_column][/vc_row][vc_row gap=&#8221;30&#8243;][vc_column width=&#8221;1/2&#8243;][vc_column_text css=&#8221;.vc_custom_1623308891561{padding-left: 15px !important;}&#8221;]</p>
<p style="text-align: right;"><strong>März 2018</strong></p>
<p style="text-align: justify;"><strong>Montage der ersten Fassadenelemente.</strong> In den letzten Monaten haben wir bereits einige Fenster- und Fassadenelemente produziert und nachdem der Rohbau für unsere Montagearbeiten bereit war, konnten wir vor ein paar Wochen mit der Montage der ersten Elemente am Kölner Archiv am Eifelwall beginnen. Angefangen haben wir am äußeren Mantelbau mit der rund 3.800 m² Fensterelementfassade aus Aluminium und Douglasienholz, beschichtet mit weißem UV-Lack. Die sichtbaren Oberflächen wurden mit Baubronzeblech verkleidet. Los ging es mit dem Einbau der Fenster im Erdgeschoss der Nordostseite und dann weiter entlang des Eifelwalls, bis hoch in das zweiten Obergeschoss. Im Anschluss ging es mit derselben Fensterelementfassade auf der gegenüberliegenden Südwestseite des Mantelbaus weiter. Der Einbau erfolgt bei dieser Fassadenkonstruktion zum einen von innen mit einem Manipulator und zum anderen von außen über ein Gerüst.</p>
<p>[/vc_column_text][/vc_column][vc_column width=&#8221;1/2&#8243;][vc_empty_space height=&#8221;70px&#8221;][vc_masonry_media_grid element_width=&#8221;6&#8243; gap=&#8221;15&#8243; grid_id=&#8221;vc_gid:1624343310519-498d32f9-82ba-4&#8243; include=&#8221;6219,6221&#8243; css=&#8221;.vc_custom_1623307718882{padding-right: 5px !important;padding-left: 15px !important;}&#8221;][/vc_column][/vc_row][vc_row gap=&#8221;30&#8243;][vc_column width=&#8221;1/2&#8243;][vc_masonry_media_grid element_width=&#8221;6&#8243; gap=&#8221;15&#8243; grid_id=&#8221;vc_gid:1624343310521-031d38c3-887c-7&#8243; include=&#8221;6223,6225&#8243; css=&#8221;.vc_custom_1623309045219{padding-left: 15px !important;}&#8221;][/vc_column][vc_column width=&#8221;1/2&#8243;][vc_column_text css=&#8221;.vc_custom_1623309130441{padding-right: 5px !important;padding-left: 15px !important;}&#8221;]</p>
<p style="text-align: justify;">Nachdem diese beiden Gebäudeseiten Ihre Fensterelementfassade erhalten haben, kommen jetzt noch die südöstliche und nordwestliche Gebäudeseite an die Reihe. Danach kann es schließlich mit der Montage der davorgesetzten vertikalen und horizontalen Baubronzelisenen (Brise-Soleil) mit Prallscheiben losgehen. Hier wird dann wieder auf der Nordostseite begonnen. Besonderheit dabei ist, das hier nach Abschnitten von rund 5 m vorgegangen wird. Das bedeutet, sobald die Fassade eines Abschnitts fertig gestellt wurde, erfolgt zunächst eine Sichtprüfung. Wenn alles soweit gut aussieht, wird der Gerüstabschnitt abgebaut und am nächsten Abschnitt wieder aufgebaut.</p>
<p style="text-align: justify;">Im Anschluss wird die Pfosten-Riegel-Fassade aus Holz, Baubronze und teilweise Stahl an der Nordwestseite, dem zukünftigen Eingangsbereich, sowie den beiden Innenhöfen verbaut. Nachdem die Fassade am äußeren Mantelbau weitestgehend montiert wurde, geht es an die Fassade des sechsstöckigen Magazinbaus im Inneren des Gebäudekomplex, also der gezackten vorgehängten hinterlüfteten Baubronze-Blechfassade. Am Ende geht es noch an die Dacharbeiten inklusive Attika und der Montage eines Entrauchungsbauwerks ausgeführt als Stahlkonstruktion auf dem Dach des Magazinbaus.</p>
<p>[/vc_column_text][/vc_column][/vc_row][vc_row el_class=&#8221;projekte-grid-container&#8221; css=&#8221;.vc_custom_1623325438784{padding-right: 15px !important;background-color: #f6f6f6 !important;}&#8221;][vc_column offset=&#8221;vc_hidden-xs&#8221;][vc_empty_space height=&#8221;30px&#8221;][vc_custom_heading text=&#8221;PROJEKT IM VERLAUF&#8221; font_container=&#8221;tag:h2|text_align:left|color:%234c4c4c&#8221; use_theme_fonts=&#8221;yes&#8221; css=&#8221;.vc_custom_1623134013548{margin-bottom: 30px !important;}&#8221;][vc_basic_grid post_type=&#8221;projekte&#8221; max_items=&#8221;-1&#8243; style=&#8221;pagination&#8221; items_per_page=&#8221;2&#8243; element_width=&#8221;6&#8243; order=&#8221;ASC&#8221; arrows_design=&#8221;vc_arrow-icon-arrow_01_left&#8221; arrows_position=&#8221;outside&#8221; arrows_color=&#8221;vista_blue&#8221; paging_design=&#8221;none&#8221; loop=&#8221;yes&#8221; item=&#8221;224&#8243; grid_id=&#8221;vc_gid:1624343310522-96627df6-4eac-7&#8243; taxonomies=&#8221;111&#8243; el_class=&#8221;projekte-grid-container&#8221; css=&#8221;.vc_custom_1623401135486{padding-left: 15px !important;}&#8221;][vc_empty_space height=&#8221;30px&#8221;][/vc_column][/vc_row][vc_row el_class=&#8221;projekte-grid-container&#8221; css=&#8221;.vc_custom_1623389218679{padding-right: 30px !important;background-color: #f6f6f6 !important;}&#8221;][vc_column offset=&#8221;vc_hidden-lg vc_hidden-md vc_hidden-sm&#8221;][vc_empty_space height=&#8221;30px&#8221;][vc_custom_heading text=&#8221;PROJEKT IM VERLAUF&#8221; font_container=&#8221;tag:h2|text_align:left|color:%234c4c4c&#8221; use_theme_fonts=&#8221;yes&#8221; css=&#8221;.vc_custom_1623389309198{margin-bottom: 30px !important;padding-left: 15px !important;}&#8221;][vc_basic_grid post_type=&#8221;projekte&#8221; max_items=&#8221;-1&#8243; style=&#8221;pagination&#8221; items_per_page=&#8221;1&#8243; element_width=&#8221;6&#8243; order=&#8221;ASC&#8221; arrows_design=&#8221;vc_arrow-icon-arrow_01_left&#8221; arrows_position=&#8221;outside&#8221; arrows_color=&#8221;vista_blue&#8221; paging_design=&#8221;none&#8221; loop=&#8221;yes&#8221; item=&#8221;224&#8243; grid_id=&#8221;vc_gid:1624343310527-659a5f15-8abf-6&#8243; taxonomies=&#8221;111&#8243; css=&#8221;.vc_custom_1623401140175{padding-left: 30px !important;}&#8221;][vc_empty_space height=&#8221;30px&#8221;][/vc_column][/vc_row][vc_row gap=&#8221;30&#8243;][vc_column width=&#8221;1/3&#8243; offset=&#8221;vc_col-xs-6&#8243;][/vc_column][vc_column width=&#8221;1/3&#8243; offset=&#8221;vc_col-xs-6&#8243;][/vc_column][vc_column width=&#8221;1/3&#8243;]<div class=" ubtn-ctn-right "><a class="ubtn-link ult-adjust-bottom-margin ubtn-right ubtn-block " href="https://www.schneider-fassaden.de/projekt-news/" ><button type="button" id="ubtn-1012"  class="ubtn ult-adjust-bottom-margin ult-responsive ubtn-block ubtn-no-hover-bg  none  ubtn-right   tooltip-69f192dc74862 ubtn-block"  data-hover="" data-border-color="" data-bg="#f6f6f6" data-hover-bg="" data-border-hover="" data-shadow-hover="" data-shadow-click="none" data-shadow="" data-shd-shadow=""  data-ultimate-target='#ubtn-1012'  data-responsive-json-new='{"font-size":"desktop:40px;","line-height":""}'  style="font-weight:bold;border:none;background: #f6f6f6;color: #017955;"><span class="ubtn-data ubtn-icon"><i class="none" style="font-size:32px;color:#017955;"></i></span><span class="ubtn-hover" style="background-color:"></span><span class="ubtn-data ubtn-text " >&lt;&lt;&lt; Zurück zur Übersicht</span></button></a></div>[/vc_column][/vc_row]</p></div>

<p>Montage der ersten Fassadenelemente. In den letzten Monaten haben wir bereits einige Fenster- und Fassadenelemente produziert und nachdem der Rohbau für unsere Montagearbeiten bereit war, konnten wir vor ein paar Wochen mit der Montage der ersten Elemente am Kölner Archiv am Eifelwall beginnen.</p>
