{"id":6418,"date":"2018-06-30T09:12:21","date_gmt":"2018-06-30T09:12:21","guid":{"rendered":"https:\/\/www.schneider-fassaden.de\/?post_type=projekte&#038;p=6418"},"modified":"2021-08-11T07:36:36","modified_gmt":"2021-08-11T07:36:36","slug":"koeln-archiv-montage-bronzelisenen","status":"publish","type":"projekte","link":"https:\/\/www.schneider-fassaden.de\/en\/projekte\/koeln-archiv-montage-bronzelisenen\/","title":{"rendered":"K\u00f6ln Archiv &#8211; Montage Bronzelisenen"},"content":{"rendered":"<div class=\"wpb-content-wrapper\"><p>[vc_row][vc_column][vc_empty_space][vc_custom_heading text=&#8221;Montage Bronzelisenen&#8221; font_container=&#8221;tag:h1|text_align:left&#8221; use_theme_fonts=&#8221;yes&#8221;][\/vc_column][\/vc_row][vc_row gap=&#8221;30&#8243;][vc_column][vc_column_text css=&#8221;.vc_custom_1625210421422{padding-right: 5px !important;padding-left: 15px !important;}&#8221;]<\/p>\n<p style=\"text-align: right;\"><strong>Juni 2018<\/strong><\/p>\n<p style=\"text-align: justify;\"><strong>Montage der ersten Bronzelisenen.<\/strong> Vor kurzem wurden an der Nordostseite des zuk\u00fcnftigen Historischen Archivs in K\u00f6ln die ersten vertikalen und horizontalen Baubronzelisenen des \u00e4u\u00dferen Mantelbaus montiert. \u00dcber 4.500 laufende Meter sollen hier insgesamt verbaut werden. Angefangen haben wir hier an der rechten Seite der Nordostfassade und uns dann immer weiter entlang des Eifelwalls Richtung S\u00fcden vorgearbeitet. Die Konstruktion aus Baubronzelisenen und Prallscheiben wird dabei vorgesetzt, vor der bereits montierten Fensterelementfassade, verbaut. Damit es m\u00f6glich wurde die Prallscheiben zwischen den Baubronzelisenen, vor den 3,5 m bodentiefen Fenstern zu montieren und auch den Sonnenschutz im vorgesetzten Bereich zu integrieren, wurde eine Sonderkonstruktion mit Sonderprofilen entworfen. Da die Prim\u00e4rfassade aus bodentiefen, \u00f6ffenbaren Holz-Aluminiumfenstern besteht, dienen die vorgesetzten Prallscheiben zwischen den hervorstehenden Bronzelisenen als Absturzsicherung. Damit die Innenr\u00e4ume trotz vorgesetzter Prallscheiben gel\u00fcftet werden k\u00f6nnen, gehen die Scheiben nicht \u00fcber die komplette H\u00f6he, sondern lassen dar\u00fcber und darunter genug Platz f\u00fcr eine optimale Bel\u00fcftung der R\u00e4ume bei ge\u00f6ffnetem Fenster. Die horizontalen und vertikalen Bronzelisenen, auch Brise Soleil genannt, dienen als eine Art zus\u00e4tzlicher Sonnenschutz der direkte Sonneneinstrahlung und damit eine \u00dcberhitzung der Innenr\u00e4ume \u00fcber die vielen Glasfl\u00e4chen vermeidet, aber dennoch tags\u00fcber ausreichend nat\u00fcrliches Licht einl\u00e4sst. Der Fassadeneinbau erfolgt hier ausschlie\u00dflich von au\u00dfen vom Ger\u00fcst aus, mit einer Monorailanlage und entsprechender Manpower f\u00fcr die h\u00e4ndische Montage.<\/p>\n<p style=\"text-align: justify;\">Au\u00dferdem nimmt inzwischen auch schon die Pfosten-Riegel-Fassade aus Holz und Baubronze im Erdgeschoss auf der nordwestlichen Geb\u00e4udeseite Luxemburger Stra\u00dfe ihre Form an. Die breite Glasfl\u00e4che im Erdgeschoss markiert mit ihren zuk\u00fcnftigen T\u00fcren aus Bronze den sp\u00e4teren Eingangsbereich des neuen Historischen Archivs und Rheinischen Bildarchivs. Als n\u00e4chstes werden noch weitere Pfosten-Riegel-Fassaden mit gro\u00dfz\u00fcgigen Glasfl\u00e4chen innerhalb des Geb\u00e4udekomplexes in den beiden Innenh\u00f6fen eingebaut.<\/p>\n<p>[\/vc_column_text][\/vc_column][\/vc_row][vc_row gap=&#8221;30&#8243; css=&#8221;.vc_custom_1623132440127{padding-right: 15px !important;padding-left: 15px !important;}&#8221;][vc_column width=&#8221;1\/5&#8243;][vc_single_image image=&#8221;6229&#8243; img_size=&#8221;600&#215;728&#8243;][\/vc_column][vc_column width=&#8221;1\/5&#8243;][vc_single_image image=&#8221;6440&#8243; img_size=&#8221;700&#215;697&#8243;][\/vc_column][vc_column width=&#8221;1\/5&#8243;][vc_single_image image=&#8221;6231&#8243; img_size=&#8221;600&#215;700&#8243;][\/vc_column][vc_column width=&#8221;1\/5&#8243;][vc_single_image image=&#8221;6235&#8243; img_size=&#8221;600&#215;728&#8243;][\/vc_column][vc_column width=&#8221;1\/5&#8243;][vc_single_image image=&#8221;6227&#8243; img_size=&#8221;600&#215;728&#8243;][\/vc_column][\/vc_row][vc_row el_class=&#8221;projekte-grid-container&#8221; css=&#8221;.vc_custom_1623325777594{padding-right: 15px !important;background-color: #f6f6f6 !important;}&#8221;][vc_column offset=&#8221;vc_hidden-xs&#8221;][vc_empty_space height=&#8221;30px&#8221;][vc_custom_heading text=&#8221;PROJEKT IM VERLAUF&#8221; font_container=&#8221;tag:h2|text_align:left|color:%234c4c4c&#8221; use_theme_fonts=&#8221;yes&#8221; css=&#8221;.vc_custom_1623134013548{margin-bottom: 30px !important;}&#8221;][vc_basic_grid post_type=&#8221;projekte&#8221; max_items=&#8221;-1&#8243; style=&#8221;pagination&#8221; items_per_page=&#8221;2&#8243; element_width=&#8221;6&#8243; order=&#8221;ASC&#8221; arrows_design=&#8221;vc_arrow-icon-arrow_01_left&#8221; arrows_position=&#8221;outside&#8221; arrows_color=&#8221;vista_blue&#8221; paging_design=&#8221;none&#8221; loop=&#8221;yes&#8221; item=&#8221;224&#8243; grid_id=&#8221;vc_gid:1625210152410-ad06c65a-f7dd-8&#8243; taxonomies=&#8221;111&#8243; el_class=&#8221;projekte-grid-container&#8221; css=&#8221;.vc_custom_1623401156888{padding-left: 15px !important;}&#8221;][vc_empty_space height=&#8221;30px&#8221;][\/vc_column][\/vc_row][vc_row el_class=&#8221;projekte-grid-container&#8221; css=&#8221;.vc_custom_1623389218679{padding-right: 30px !important;background-color: #f6f6f6 !important;}&#8221;][vc_column offset=&#8221;vc_hidden-lg vc_hidden-md vc_hidden-sm&#8221;][vc_empty_space height=&#8221;30px&#8221;][vc_custom_heading text=&#8221;PROJEKT IM VERLAUF&#8221; font_container=&#8221;tag:h2|text_align:left|color:%234c4c4c&#8221; use_theme_fonts=&#8221;yes&#8221; css=&#8221;.vc_custom_1623389309198{margin-bottom: 30px !important;padding-left: 15px !important;}&#8221;][vc_basic_grid post_type=&#8221;projekte&#8221; max_items=&#8221;-1&#8243; style=&#8221;pagination&#8221; items_per_page=&#8221;1&#8243; element_width=&#8221;6&#8243; order=&#8221;ASC&#8221; arrows_design=&#8221;vc_arrow-icon-arrow_01_left&#8221; arrows_position=&#8221;outside&#8221; arrows_color=&#8221;vista_blue&#8221; paging_design=&#8221;none&#8221; loop=&#8221;yes&#8221; item=&#8221;224&#8243; grid_id=&#8221;vc_gid:1625210152414-fadffba6-f0e1-2&#8243; taxonomies=&#8221;111&#8243; css=&#8221;.vc_custom_1623401160783{padding-left: 30px !important;}&#8221;][vc_empty_space height=&#8221;30px&#8221;][\/vc_column][\/vc_row][vc_row gap=&#8221;30&#8243;][vc_column width=&#8221;1\/3&#8243; offset=&#8221;vc_col-xs-6&#8243;][\/vc_column][vc_column width=&#8221;1\/3&#8243; offset=&#8221;vc_col-xs-6&#8243;][\/vc_column][vc_column width=&#8221;1\/3&#8243;]<div class=\" ubtn-ctn-right \"><a class=\"ubtn-link ult-adjust-bottom-margin ubtn-right ubtn-block \" href=\"https:\/\/www.schneider-fassaden.de\/projekt-news\/\" ><button type=\"button\" id=\"ubtn-4181\"  class=\"ubtn ult-adjust-bottom-margin ult-responsive ubtn-block ubtn-no-hover-bg  none  ubtn-right   tooltip-69f18b8f821cf ubtn-block\"  data-hover=\"\" data-border-color=\"\" data-bg=\"#f6f6f6\" data-hover-bg=\"\" data-border-hover=\"\" data-shadow-hover=\"\" data-shadow-click=\"none\" data-shadow=\"\" data-shd-shadow=\"\"  data-ultimate-target='#ubtn-4181'  data-responsive-json-new='{\"font-size\":\"desktop:40px;\",\"line-height\":\"\"}'  style=\"font-weight:bold;border:none;background: #f6f6f6;color: #017955;\"><span class=\"ubtn-data ubtn-icon\"><i class=\"none\" style=\"font-size:32px;color:#017955;\"><\/i><\/span><span class=\"ubtn-hover\" style=\"background-color:\"><\/span><span class=\"ubtn-data ubtn-text \" >&lt;&lt;&lt; Zur\u00fcck zur \u00dcbersicht<\/span><\/button><\/a><\/div>[\/vc_column][\/vc_row]<\/p><\/div>","protected":false},"excerpt":{"rendered":"<p>Montage der ersten Bronzelisenen. Vor kurzem wurden an der Nordostseite des zuk\u00fcnftigen Historischen Archivs in K\u00f6ln die ersten vertikalen und horizontalen Baubronzelisenen des \u00e4u\u00dferen Mantelbaus montiert. \u00dcber 4.500 laufende Meter sollen hier insgesamt verbaut werden.<\/p>\n","protected":false},"author":15,"featured_media":6229,"menu_order":4,"template":"","format":"standard","meta":{"_acf_changed":false},"categories":[11,111],"tags":[],"material":[44,117,45,56,46],"land":[42],"nutzung":[60],"class_list":["post-6418","projekte","type-projekte","status-publish","format-standard","has-post-thumbnail","hentry","category-projekt-news","category-koeln-archiv","material-aluminium","material-bronze","material-glas","material-holz","material-stahl","land-deutschland","nutzung-kunst-kultur"],"acf":[],"_links":{"self":[{"href":"https:\/\/www.schneider-fassaden.de\/en\/wp-json\/wp\/v2\/projekte\/6418","targetHints":{"allow":["GET"]}}],"collection":[{"href":"https:\/\/www.schneider-fassaden.de\/en\/wp-json\/wp\/v2\/projekte"}],"about":[{"href":"https:\/\/www.schneider-fassaden.de\/en\/wp-json\/wp\/v2\/types\/projekte"}],"author":[{"embeddable":true,"href":"https:\/\/www.schneider-fassaden.de\/en\/wp-json\/wp\/v2\/users\/15"}],"wp:featuredmedia":[{"embeddable":true,"href":"https:\/\/www.schneider-fassaden.de\/en\/wp-json\/wp\/v2\/media\/6229"}],"wp:attachment":[{"href":"https:\/\/www.schneider-fassaden.de\/en\/wp-json\/wp\/v2\/media?parent=6418"}],"wp:term":[{"taxonomy":"category","embeddable":true,"href":"https:\/\/www.schneider-fassaden.de\/en\/wp-json\/wp\/v2\/categories?post=6418"},{"taxonomy":"post_tag","embeddable":true,"href":"https:\/\/www.schneider-fassaden.de\/en\/wp-json\/wp\/v2\/tags?post=6418"},{"taxonomy":"material","embeddable":true,"href":"https:\/\/www.schneider-fassaden.de\/en\/wp-json\/wp\/v2\/material?post=6418"},{"taxonomy":"land","embeddable":true,"href":"https:\/\/www.schneider-fassaden.de\/en\/wp-json\/wp\/v2\/land?post=6418"},{"taxonomy":"nutzung","embeddable":true,"href":"https:\/\/www.schneider-fassaden.de\/en\/wp-json\/wp\/v2\/nutzung?post=6418"}],"curies":[{"name":"wp","href":"https:\/\/api.w.org\/{rel}","templated":true}]}}

Köln Archiv &#8211; Montage Bronzelisenen

<div class="wpb-content-wrapper"><p>[vc_row][vc_column][vc_empty_space][vc_custom_heading text=&#8221;Montage Bronzelisenen&#8221; font_container=&#8221;tag:h1|text_align:left&#8221; use_theme_fonts=&#8221;yes&#8221;][/vc_column][/vc_row][vc_row gap=&#8221;30&#8243;][vc_column][vc_column_text css=&#8221;.vc_custom_1625210421422{padding-right: 5px !important;padding-left: 15px !important;}&#8221;]</p>
<p style="text-align: right;"><strong>Juni 2018</strong></p>
<p style="text-align: justify;"><strong>Montage der ersten Bronzelisenen.</strong> Vor kurzem wurden an der Nordostseite des zukünftigen Historischen Archivs in Köln die ersten vertikalen und horizontalen Baubronzelisenen des äußeren Mantelbaus montiert. Über 4.500 laufende Meter sollen hier insgesamt verbaut werden. Angefangen haben wir hier an der rechten Seite der Nordostfassade und uns dann immer weiter entlang des Eifelwalls Richtung Süden vorgearbeitet. Die Konstruktion aus Baubronzelisenen und Prallscheiben wird dabei vorgesetzt, vor der bereits montierten Fensterelementfassade, verbaut. Damit es möglich wurde die Prallscheiben zwischen den Baubronzelisenen, vor den 3,5 m bodentiefen Fenstern zu montieren und auch den Sonnenschutz im vorgesetzten Bereich zu integrieren, wurde eine Sonderkonstruktion mit Sonderprofilen entworfen. Da die Primärfassade aus bodentiefen, öffenbaren Holz-Aluminiumfenstern besteht, dienen die vorgesetzten Prallscheiben zwischen den hervorstehenden Bronzelisenen als Absturzsicherung. Damit die Innenräume trotz vorgesetzter Prallscheiben gelüftet werden können, gehen die Scheiben nicht über die komplette Höhe, sondern lassen darüber und darunter genug Platz für eine optimale Belüftung der Räume bei geöffnetem Fenster. Die horizontalen und vertikalen Bronzelisenen, auch Brise Soleil genannt, dienen als eine Art zusätzlicher Sonnenschutz der direkte Sonneneinstrahlung und damit eine Überhitzung der Innenräume über die vielen Glasflächen vermeidet, aber dennoch tagsüber ausreichend natürliches Licht einlässt. Der Fassadeneinbau erfolgt hier ausschließlich von außen vom Gerüst aus, mit einer Monorailanlage und entsprechender Manpower für die händische Montage.</p>
<p style="text-align: justify;">Außerdem nimmt inzwischen auch schon die Pfosten-Riegel-Fassade aus Holz und Baubronze im Erdgeschoss auf der nordwestlichen Gebäudeseite Luxemburger Straße ihre Form an. Die breite Glasfläche im Erdgeschoss markiert mit ihren zukünftigen Türen aus Bronze den späteren Eingangsbereich des neuen Historischen Archivs und Rheinischen Bildarchivs. Als nächstes werden noch weitere Pfosten-Riegel-Fassaden mit großzügigen Glasflächen innerhalb des Gebäudekomplexes in den beiden Innenhöfen eingebaut.</p>
<p>[/vc_column_text][/vc_column][/vc_row][vc_row gap=&#8221;30&#8243; css=&#8221;.vc_custom_1623132440127{padding-right: 15px !important;padding-left: 15px !important;}&#8221;][vc_column width=&#8221;1/5&#8243;][vc_single_image image=&#8221;6229&#8243; img_size=&#8221;600&#215;728&#8243;][/vc_column][vc_column width=&#8221;1/5&#8243;][vc_single_image image=&#8221;6440&#8243; img_size=&#8221;700&#215;697&#8243;][/vc_column][vc_column width=&#8221;1/5&#8243;][vc_single_image image=&#8221;6231&#8243; img_size=&#8221;600&#215;700&#8243;][/vc_column][vc_column width=&#8221;1/5&#8243;][vc_single_image image=&#8221;6235&#8243; img_size=&#8221;600&#215;728&#8243;][/vc_column][vc_column width=&#8221;1/5&#8243;][vc_single_image image=&#8221;6227&#8243; img_size=&#8221;600&#215;728&#8243;][/vc_column][/vc_row][vc_row el_class=&#8221;projekte-grid-container&#8221; css=&#8221;.vc_custom_1623325777594{padding-right: 15px !important;background-color: #f6f6f6 !important;}&#8221;][vc_column offset=&#8221;vc_hidden-xs&#8221;][vc_empty_space height=&#8221;30px&#8221;][vc_custom_heading text=&#8221;PROJEKT IM VERLAUF&#8221; font_container=&#8221;tag:h2|text_align:left|color:%234c4c4c&#8221; use_theme_fonts=&#8221;yes&#8221; css=&#8221;.vc_custom_1623134013548{margin-bottom: 30px !important;}&#8221;][vc_basic_grid post_type=&#8221;projekte&#8221; max_items=&#8221;-1&#8243; style=&#8221;pagination&#8221; items_per_page=&#8221;2&#8243; element_width=&#8221;6&#8243; order=&#8221;ASC&#8221; arrows_design=&#8221;vc_arrow-icon-arrow_01_left&#8221; arrows_position=&#8221;outside&#8221; arrows_color=&#8221;vista_blue&#8221; paging_design=&#8221;none&#8221; loop=&#8221;yes&#8221; item=&#8221;224&#8243; grid_id=&#8221;vc_gid:1625210152410-ad06c65a-f7dd-8&#8243; taxonomies=&#8221;111&#8243; el_class=&#8221;projekte-grid-container&#8221; css=&#8221;.vc_custom_1623401156888{padding-left: 15px !important;}&#8221;][vc_empty_space height=&#8221;30px&#8221;][/vc_column][/vc_row][vc_row el_class=&#8221;projekte-grid-container&#8221; css=&#8221;.vc_custom_1623389218679{padding-right: 30px !important;background-color: #f6f6f6 !important;}&#8221;][vc_column offset=&#8221;vc_hidden-lg vc_hidden-md vc_hidden-sm&#8221;][vc_empty_space height=&#8221;30px&#8221;][vc_custom_heading text=&#8221;PROJEKT IM VERLAUF&#8221; font_container=&#8221;tag:h2|text_align:left|color:%234c4c4c&#8221; use_theme_fonts=&#8221;yes&#8221; css=&#8221;.vc_custom_1623389309198{margin-bottom: 30px !important;padding-left: 15px !important;}&#8221;][vc_basic_grid post_type=&#8221;projekte&#8221; max_items=&#8221;-1&#8243; style=&#8221;pagination&#8221; items_per_page=&#8221;1&#8243; element_width=&#8221;6&#8243; order=&#8221;ASC&#8221; arrows_design=&#8221;vc_arrow-icon-arrow_01_left&#8221; arrows_position=&#8221;outside&#8221; arrows_color=&#8221;vista_blue&#8221; paging_design=&#8221;none&#8221; loop=&#8221;yes&#8221; item=&#8221;224&#8243; grid_id=&#8221;vc_gid:1625210152414-fadffba6-f0e1-2&#8243; taxonomies=&#8221;111&#8243; css=&#8221;.vc_custom_1623401160783{padding-left: 30px !important;}&#8221;][vc_empty_space height=&#8221;30px&#8221;][/vc_column][/vc_row][vc_row gap=&#8221;30&#8243;][vc_column width=&#8221;1/3&#8243; offset=&#8221;vc_col-xs-6&#8243;][/vc_column][vc_column width=&#8221;1/3&#8243; offset=&#8221;vc_col-xs-6&#8243;][/vc_column][vc_column width=&#8221;1/3&#8243;]<div class=" ubtn-ctn-right "><a class="ubtn-link ult-adjust-bottom-margin ubtn-right ubtn-block " href="https://www.schneider-fassaden.de/projekt-news/" ><button type="button" id="ubtn-4181"  class="ubtn ult-adjust-bottom-margin ult-responsive ubtn-block ubtn-no-hover-bg  none  ubtn-right   tooltip-69f18b8f821cf ubtn-block"  data-hover="" data-border-color="" data-bg="#f6f6f6" data-hover-bg="" data-border-hover="" data-shadow-hover="" data-shadow-click="none" data-shadow="" data-shd-shadow=""  data-ultimate-target='#ubtn-4181'  data-responsive-json-new='{"font-size":"desktop:40px;","line-height":""}'  style="font-weight:bold;border:none;background: #f6f6f6;color: #017955;"><span class="ubtn-data ubtn-icon"><i class="none" style="font-size:32px;color:#017955;"></i></span><span class="ubtn-hover" style="background-color:"></span><span class="ubtn-data ubtn-text " >&lt;&lt;&lt; Zurück zur Übersicht</span></button></a></div>[/vc_column][/vc_row]</p></div>

<p>Montage der ersten Bronzelisenen. Vor kurzem wurden an der Nordostseite des zukünftigen Historischen Archivs in Köln die ersten vertikalen und horizontalen Baubronzelisenen des äußeren Mantelbaus montiert. Über 4.500 laufende Meter sollen hier insgesamt verbaut werden.</p>
