{"id":6425,"date":"2018-09-30T13:03:21","date_gmt":"2018-09-30T13:03:21","guid":{"rendered":"https:\/\/www.schneider-fassaden.de\/?post_type=projekte&#038;p=6425"},"modified":"2021-08-11T07:36:54","modified_gmt":"2021-08-11T07:36:54","slug":"koeln-archiv-mantelbau-dicht","status":"publish","type":"projekte","link":"https:\/\/www.schneider-fassaden.de\/en\/projekte\/koeln-archiv-mantelbau-dicht\/","title":{"rendered":"K\u00f6ln Archiv &#8211; Mantelbau Fassade &#8220;dicht&#8221;"},"content":{"rendered":"<div class=\"wpb-content-wrapper\"><p>[vc_row][vc_column][vc_empty_space][vc_custom_heading text=&#8221;Mantelbau Fassade &#8220;dicht&#8220;&#8221; font_container=&#8221;tag:h1|text_align:left&#8221; use_theme_fonts=&#8221;yes&#8221;][\/vc_column][\/vc_row][vc_row gap=&#8221;30&#8243;][vc_column offset=&#8221;vc_hidden-xs&#8221;][vc_column_text css=&#8221;.vc_custom_1623326380456{padding-right: 5px !important;padding-left: 15px !important;}&#8221;]<\/p>\n<p style=\"text-align: right;\"><strong>September 2018<\/strong><\/p>\n<p style=\"text-align: justify;\"><strong>Mantelbau hat den Status &#8220;dicht&#8221; erreicht.<\/strong> In den letzten Wochen ist einiges auf unserer Baustelle f\u00fcr das neue K\u00f6lner Archiv passiert. Die Pfosten-Riegel- und Fensterelementfassaden des \u00e4u\u00dferen Mantelbaus, inklusive Innenh\u00f6fen und Eingangsbereich, wurden fertig montiert. Die Fassade dieses Geb\u00e4udeteils hat damit also nun den Status \u201edicht\u201c erreicht, sprich sein Rohbau ist jetzt durch Fenster- und Fassadenelemente abgeschlossen und damit \u201ewetterfest\u201c. Lediglich die T\u00fcren werden erst gegen Ende der Montagearbeiten eingebaut, da diese aktuell noch als Einbring\u00f6ffnungen dienen und daher momentan noch Gefahr laufen im Baustellenbetrieb besch\u00e4digt zu werden. Insbesondere die s\u00fcdlichen Geb\u00e4udeseiten des Mantelbaus erhalten als n\u00e4chstes noch ihre vorgesetzten Baubronzelisenen inklusive Prallscheiben. Danach wird auch hier das Ger\u00fcst abgebaut und die Fassade des Mantelbaus wird vollst\u00e4ndig sichtbar. Im Anschluss geht es dann weiter mit der Montage der \u00e4u\u00dferen gezackten Baubronzefassade des Magazinbaus innerhalb des Mantelbaus.<\/p>\n<p>[\/vc_column_text][vc_images_carousel images=&#8221;6239,6237,6241,6245,6243,6249,6253,6251,6247&#8243; img_size=&#8221;1024&#215;576&#8243; onclick=&#8221;link_no&#8221; slides_per_view=&#8221;4&#8243; autoplay=&#8221;yes&#8221; wrap=&#8221;yes&#8221; css=&#8221;.vc_custom_1623390734354{padding-left: 5px !important;}&#8221;][\/vc_column][\/vc_row][vc_row gap=&#8221;30&#8243;][vc_column offset=&#8221;vc_hidden-lg vc_hidden-md vc_hidden-sm&#8221;][vc_column_text css=&#8221;.vc_custom_1623326380456{padding-right: 5px !important;padding-left: 15px !important;}&#8221;]<\/p>\n<p style=\"text-align: right;\"><strong>September 2018<\/strong><\/p>\n<p style=\"text-align: justify;\"><strong>Mantelbau hat den Status &#8220;dicht&#8221; erreicht.<\/strong> In den letzten Wochen ist einiges auf unserer Baustelle f\u00fcr das neue K\u00f6lner Archiv passiert. Die Pfosten-Riegel- und Fensterelementfassaden des \u00e4u\u00dferen Mantelbaus, inklusive Innenh\u00f6fen und Eingangsbereich, wurden fertig montiert. Die Fassade dieses Geb\u00e4udeteils hat damit also nun den Status \u201edicht\u201c erreicht, sprich sein Rohbau ist jetzt durch Fenster- und Fassadenelemente abgeschlossen und damit \u201ewetterfest\u201c. Lediglich die T\u00fcren werden erst gegen Ende der Montagearbeiten eingebaut, da diese aktuell noch als Einbring\u00f6ffnungen dienen und daher momentan noch Gefahr laufen im Baustellenbetrieb besch\u00e4digt zu werden. Insbesondere die s\u00fcdlichen Geb\u00e4udeseiten des Mantelbaus erhalten als n\u00e4chstes noch ihre vorgesetzten Baubronzelisenen inklusive Prallscheiben. Danach wird auch hier das Ger\u00fcst abgebaut und die Fassade des Mantelbaus wird vollst\u00e4ndig sichtbar. Im Anschluss geht es dann weiter mit der Montage der \u00e4u\u00dferen gezackten Baubronzefassade des Magazinbaus innerhalb des Mantelbaus.<\/p>\n<p>[\/vc_column_text][vc_images_carousel images=&#8221;6239,6237,6241,6245,6243,6249,6253,6251,6247&#8243; img_size=&#8221;1024&#215;576&#8243; onclick=&#8221;link_no&#8221; mode=&#8221;vertical&#8221; autoplay=&#8221;yes&#8221; wrap=&#8221;yes&#8221; css_animation=&#8221;fadeInRight&#8221; css=&#8221;.vc_custom_1623390998072{padding-left: 5px !important;}&#8221;][\/vc_column][\/vc_row][vc_row el_class=&#8221;projekte-grid-container&#8221; css=&#8221;.vc_custom_1623326405411{padding-right: 15px !important;background-color: #f6f6f6 !important;}&#8221;][vc_column offset=&#8221;vc_hidden-xs&#8221;][vc_empty_space height=&#8221;30px&#8221;][vc_custom_heading text=&#8221;PROJEKT IM VERLAUF&#8221; font_container=&#8221;tag:h2|text_align:left|color:%234c4c4c&#8221; use_theme_fonts=&#8221;yes&#8221; css=&#8221;.vc_custom_1623134013548{margin-bottom: 30px !important;}&#8221;][vc_basic_grid post_type=&#8221;projekte&#8221; max_items=&#8221;-1&#8243; style=&#8221;pagination&#8221; items_per_page=&#8221;2&#8243; element_width=&#8221;6&#8243; order=&#8221;ASC&#8221; arrows_design=&#8221;vc_arrow-icon-arrow_01_left&#8221; arrows_position=&#8221;outside&#8221; arrows_color=&#8221;vista_blue&#8221; paging_design=&#8221;none&#8221; loop=&#8221;yes&#8221; item=&#8221;224&#8243; grid_id=&#8221;vc_gid:1624343315393-3181d4c4-b3f3-7&#8243; taxonomies=&#8221;111&#8243; el_class=&#8221;projekte-grid-container&#8221; css=&#8221;.vc_custom_1623401177000{padding-left: 15px !important;}&#8221;][vc_empty_space height=&#8221;30px&#8221;][\/vc_column][\/vc_row][vc_row el_class=&#8221;projekte-grid-container&#8221; css=&#8221;.vc_custom_1623389218679{padding-right: 30px !important;background-color: #f6f6f6 !important;}&#8221;][vc_column offset=&#8221;vc_hidden-lg vc_hidden-md vc_hidden-sm&#8221;][vc_empty_space height=&#8221;30px&#8221;][vc_custom_heading text=&#8221;PROJEKT IM VERLAUF&#8221; font_container=&#8221;tag:h2|text_align:left|color:%234c4c4c&#8221; use_theme_fonts=&#8221;yes&#8221; css=&#8221;.vc_custom_1623389309198{margin-bottom: 30px !important;padding-left: 15px !important;}&#8221;][vc_basic_grid post_type=&#8221;projekte&#8221; max_items=&#8221;-1&#8243; style=&#8221;pagination&#8221; items_per_page=&#8221;1&#8243; element_width=&#8221;6&#8243; order=&#8221;ASC&#8221; arrows_design=&#8221;vc_arrow-icon-arrow_01_left&#8221; arrows_position=&#8221;outside&#8221; arrows_color=&#8221;vista_blue&#8221; paging_design=&#8221;none&#8221; loop=&#8221;yes&#8221; item=&#8221;224&#8243; grid_id=&#8221;vc_gid:1624343315448-055445fd-7c03-1&#8243; taxonomies=&#8221;111&#8243; css=&#8221;.vc_custom_1623401182032{padding-left: 30px !important;}&#8221;][vc_empty_space height=&#8221;30px&#8221;][\/vc_column][\/vc_row][vc_row gap=&#8221;30&#8243;][vc_column width=&#8221;1\/3&#8243; offset=&#8221;vc_col-xs-6&#8243;][\/vc_column][vc_column width=&#8221;1\/3&#8243; offset=&#8221;vc_col-xs-6&#8243;][\/vc_column][vc_column width=&#8221;1\/3&#8243;]<div class=\" ubtn-ctn-right \"><a class=\"ubtn-link ult-adjust-bottom-margin ubtn-right ubtn-block \" href=\"https:\/\/www.schneider-fassaden.de\/projekt-news\/\" ><button type=\"button\" id=\"ubtn-6521\"  class=\"ubtn ult-adjust-bottom-margin ult-responsive ubtn-block ubtn-no-hover-bg  none  ubtn-right   tooltip-69f1945597250 ubtn-block\"  data-hover=\"\" data-border-color=\"\" data-bg=\"#f6f6f6\" data-hover-bg=\"\" data-border-hover=\"\" data-shadow-hover=\"\" data-shadow-click=\"none\" data-shadow=\"\" data-shd-shadow=\"\"  data-ultimate-target='#ubtn-6521'  data-responsive-json-new='{\"font-size\":\"desktop:40px;\",\"line-height\":\"\"}'  style=\"font-weight:bold;border:none;background: #f6f6f6;color: #017955;\"><span class=\"ubtn-data ubtn-icon\"><i class=\"none\" style=\"font-size:32px;color:#017955;\"><\/i><\/span><span class=\"ubtn-hover\" style=\"background-color:\"><\/span><span class=\"ubtn-data ubtn-text \" >&lt;&lt;&lt; Zur\u00fcck zur \u00dcbersicht<\/span><\/button><\/a><\/div>[\/vc_column][\/vc_row]<\/p><\/div>","protected":false},"excerpt":{"rendered":"<p>Mantelbau hat den Status &#8220;dicht&#8221; erreicht. In den letzten Wochen ist einiges auf unserer Baustelle f\u00fcr das neue K\u00f6lner Archiv passiert. Die Pfosten-Riegel- und Fensterelementfassaden des \u00e4u\u00dferen Mantelbaus, inklusive Innenh\u00f6fen und Eingangsbereich, wurden fertig montiert.<\/p>\n","protected":false},"author":15,"featured_media":6237,"menu_order":5,"template":"","format":"standard","meta":{"_acf_changed":false},"categories":[11,111],"tags":[],"material":[44,117,45,56,46],"land":[42],"nutzung":[60],"class_list":["post-6425","projekte","type-projekte","status-publish","format-standard","has-post-thumbnail","hentry","category-projekt-news","category-koeln-archiv","material-aluminium","material-bronze","material-glas","material-holz","material-stahl","land-deutschland","nutzung-kunst-kultur"],"acf":[],"_links":{"self":[{"href":"https:\/\/www.schneider-fassaden.de\/en\/wp-json\/wp\/v2\/projekte\/6425","targetHints":{"allow":["GET"]}}],"collection":[{"href":"https:\/\/www.schneider-fassaden.de\/en\/wp-json\/wp\/v2\/projekte"}],"about":[{"href":"https:\/\/www.schneider-fassaden.de\/en\/wp-json\/wp\/v2\/types\/projekte"}],"author":[{"embeddable":true,"href":"https:\/\/www.schneider-fassaden.de\/en\/wp-json\/wp\/v2\/users\/15"}],"wp:featuredmedia":[{"embeddable":true,"href":"https:\/\/www.schneider-fassaden.de\/en\/wp-json\/wp\/v2\/media\/6237"}],"wp:attachment":[{"href":"https:\/\/www.schneider-fassaden.de\/en\/wp-json\/wp\/v2\/media?parent=6425"}],"wp:term":[{"taxonomy":"category","embeddable":true,"href":"https:\/\/www.schneider-fassaden.de\/en\/wp-json\/wp\/v2\/categories?post=6425"},{"taxonomy":"post_tag","embeddable":true,"href":"https:\/\/www.schneider-fassaden.de\/en\/wp-json\/wp\/v2\/tags?post=6425"},{"taxonomy":"material","embeddable":true,"href":"https:\/\/www.schneider-fassaden.de\/en\/wp-json\/wp\/v2\/material?post=6425"},{"taxonomy":"land","embeddable":true,"href":"https:\/\/www.schneider-fassaden.de\/en\/wp-json\/wp\/v2\/land?post=6425"},{"taxonomy":"nutzung","embeddable":true,"href":"https:\/\/www.schneider-fassaden.de\/en\/wp-json\/wp\/v2\/nutzung?post=6425"}],"curies":[{"name":"wp","href":"https:\/\/api.w.org\/{rel}","templated":true}]}}

Köln Archiv &#8211; Mantelbau Fassade &#8220;dicht&#8221;

<div class="wpb-content-wrapper"><p>[vc_row][vc_column][vc_empty_space][vc_custom_heading text=&#8221;Mantelbau Fassade &#8220;dicht&#8220;&#8221; font_container=&#8221;tag:h1|text_align:left&#8221; use_theme_fonts=&#8221;yes&#8221;][/vc_column][/vc_row][vc_row gap=&#8221;30&#8243;][vc_column offset=&#8221;vc_hidden-xs&#8221;][vc_column_text css=&#8221;.vc_custom_1623326380456{padding-right: 5px !important;padding-left: 15px !important;}&#8221;]</p>
<p style="text-align: right;"><strong>September 2018</strong></p>
<p style="text-align: justify;"><strong>Mantelbau hat den Status &#8220;dicht&#8221; erreicht.</strong> In den letzten Wochen ist einiges auf unserer Baustelle für das neue Kölner Archiv passiert. Die Pfosten-Riegel- und Fensterelementfassaden des äußeren Mantelbaus, inklusive Innenhöfen und Eingangsbereich, wurden fertig montiert. Die Fassade dieses Gebäudeteils hat damit also nun den Status „dicht“ erreicht, sprich sein Rohbau ist jetzt durch Fenster- und Fassadenelemente abgeschlossen und damit „wetterfest“. Lediglich die Türen werden erst gegen Ende der Montagearbeiten eingebaut, da diese aktuell noch als Einbringöffnungen dienen und daher momentan noch Gefahr laufen im Baustellenbetrieb beschädigt zu werden. Insbesondere die südlichen Gebäudeseiten des Mantelbaus erhalten als nächstes noch ihre vorgesetzten Baubronzelisenen inklusive Prallscheiben. Danach wird auch hier das Gerüst abgebaut und die Fassade des Mantelbaus wird vollständig sichtbar. Im Anschluss geht es dann weiter mit der Montage der äußeren gezackten Baubronzefassade des Magazinbaus innerhalb des Mantelbaus.</p>
<p>[/vc_column_text][vc_images_carousel images=&#8221;6239,6237,6241,6245,6243,6249,6253,6251,6247&#8243; img_size=&#8221;1024&#215;576&#8243; onclick=&#8221;link_no&#8221; slides_per_view=&#8221;4&#8243; autoplay=&#8221;yes&#8221; wrap=&#8221;yes&#8221; css=&#8221;.vc_custom_1623390734354{padding-left: 5px !important;}&#8221;][/vc_column][/vc_row][vc_row gap=&#8221;30&#8243;][vc_column offset=&#8221;vc_hidden-lg vc_hidden-md vc_hidden-sm&#8221;][vc_column_text css=&#8221;.vc_custom_1623326380456{padding-right: 5px !important;padding-left: 15px !important;}&#8221;]</p>
<p style="text-align: right;"><strong>September 2018</strong></p>
<p style="text-align: justify;"><strong>Mantelbau hat den Status &#8220;dicht&#8221; erreicht.</strong> In den letzten Wochen ist einiges auf unserer Baustelle für das neue Kölner Archiv passiert. Die Pfosten-Riegel- und Fensterelementfassaden des äußeren Mantelbaus, inklusive Innenhöfen und Eingangsbereich, wurden fertig montiert. Die Fassade dieses Gebäudeteils hat damit also nun den Status „dicht“ erreicht, sprich sein Rohbau ist jetzt durch Fenster- und Fassadenelemente abgeschlossen und damit „wetterfest“. Lediglich die Türen werden erst gegen Ende der Montagearbeiten eingebaut, da diese aktuell noch als Einbringöffnungen dienen und daher momentan noch Gefahr laufen im Baustellenbetrieb beschädigt zu werden. Insbesondere die südlichen Gebäudeseiten des Mantelbaus erhalten als nächstes noch ihre vorgesetzten Baubronzelisenen inklusive Prallscheiben. Danach wird auch hier das Gerüst abgebaut und die Fassade des Mantelbaus wird vollständig sichtbar. Im Anschluss geht es dann weiter mit der Montage der äußeren gezackten Baubronzefassade des Magazinbaus innerhalb des Mantelbaus.</p>
<p>[/vc_column_text][vc_images_carousel images=&#8221;6239,6237,6241,6245,6243,6249,6253,6251,6247&#8243; img_size=&#8221;1024&#215;576&#8243; onclick=&#8221;link_no&#8221; mode=&#8221;vertical&#8221; autoplay=&#8221;yes&#8221; wrap=&#8221;yes&#8221; css_animation=&#8221;fadeInRight&#8221; css=&#8221;.vc_custom_1623390998072{padding-left: 5px !important;}&#8221;][/vc_column][/vc_row][vc_row el_class=&#8221;projekte-grid-container&#8221; css=&#8221;.vc_custom_1623326405411{padding-right: 15px !important;background-color: #f6f6f6 !important;}&#8221;][vc_column offset=&#8221;vc_hidden-xs&#8221;][vc_empty_space height=&#8221;30px&#8221;][vc_custom_heading text=&#8221;PROJEKT IM VERLAUF&#8221; font_container=&#8221;tag:h2|text_align:left|color:%234c4c4c&#8221; use_theme_fonts=&#8221;yes&#8221; css=&#8221;.vc_custom_1623134013548{margin-bottom: 30px !important;}&#8221;][vc_basic_grid post_type=&#8221;projekte&#8221; max_items=&#8221;-1&#8243; style=&#8221;pagination&#8221; items_per_page=&#8221;2&#8243; element_width=&#8221;6&#8243; order=&#8221;ASC&#8221; arrows_design=&#8221;vc_arrow-icon-arrow_01_left&#8221; arrows_position=&#8221;outside&#8221; arrows_color=&#8221;vista_blue&#8221; paging_design=&#8221;none&#8221; loop=&#8221;yes&#8221; item=&#8221;224&#8243; grid_id=&#8221;vc_gid:1624343315393-3181d4c4-b3f3-7&#8243; taxonomies=&#8221;111&#8243; el_class=&#8221;projekte-grid-container&#8221; css=&#8221;.vc_custom_1623401177000{padding-left: 15px !important;}&#8221;][vc_empty_space height=&#8221;30px&#8221;][/vc_column][/vc_row][vc_row el_class=&#8221;projekte-grid-container&#8221; css=&#8221;.vc_custom_1623389218679{padding-right: 30px !important;background-color: #f6f6f6 !important;}&#8221;][vc_column offset=&#8221;vc_hidden-lg vc_hidden-md vc_hidden-sm&#8221;][vc_empty_space height=&#8221;30px&#8221;][vc_custom_heading text=&#8221;PROJEKT IM VERLAUF&#8221; font_container=&#8221;tag:h2|text_align:left|color:%234c4c4c&#8221; use_theme_fonts=&#8221;yes&#8221; css=&#8221;.vc_custom_1623389309198{margin-bottom: 30px !important;padding-left: 15px !important;}&#8221;][vc_basic_grid post_type=&#8221;projekte&#8221; max_items=&#8221;-1&#8243; style=&#8221;pagination&#8221; items_per_page=&#8221;1&#8243; element_width=&#8221;6&#8243; order=&#8221;ASC&#8221; arrows_design=&#8221;vc_arrow-icon-arrow_01_left&#8221; arrows_position=&#8221;outside&#8221; arrows_color=&#8221;vista_blue&#8221; paging_design=&#8221;none&#8221; loop=&#8221;yes&#8221; item=&#8221;224&#8243; grid_id=&#8221;vc_gid:1624343315448-055445fd-7c03-1&#8243; taxonomies=&#8221;111&#8243; css=&#8221;.vc_custom_1623401182032{padding-left: 30px !important;}&#8221;][vc_empty_space height=&#8221;30px&#8221;][/vc_column][/vc_row][vc_row gap=&#8221;30&#8243;][vc_column width=&#8221;1/3&#8243; offset=&#8221;vc_col-xs-6&#8243;][/vc_column][vc_column width=&#8221;1/3&#8243; offset=&#8221;vc_col-xs-6&#8243;][/vc_column][vc_column width=&#8221;1/3&#8243;]<div class=" ubtn-ctn-right "><a class="ubtn-link ult-adjust-bottom-margin ubtn-right ubtn-block " href="https://www.schneider-fassaden.de/projekt-news/" ><button type="button" id="ubtn-6521"  class="ubtn ult-adjust-bottom-margin ult-responsive ubtn-block ubtn-no-hover-bg  none  ubtn-right   tooltip-69f1945597250 ubtn-block"  data-hover="" data-border-color="" data-bg="#f6f6f6" data-hover-bg="" data-border-hover="" data-shadow-hover="" data-shadow-click="none" data-shadow="" data-shd-shadow=""  data-ultimate-target='#ubtn-6521'  data-responsive-json-new='{"font-size":"desktop:40px;","line-height":""}'  style="font-weight:bold;border:none;background: #f6f6f6;color: #017955;"><span class="ubtn-data ubtn-icon"><i class="none" style="font-size:32px;color:#017955;"></i></span><span class="ubtn-hover" style="background-color:"></span><span class="ubtn-data ubtn-text " >&lt;&lt;&lt; Zurück zur Übersicht</span></button></a></div>[/vc_column][/vc_row]</p></div>

<p>Mantelbau hat den Status &#8220;dicht&#8221; erreicht. In den letzten Wochen ist einiges auf unserer Baustelle für das neue Kölner Archiv passiert. Die Pfosten-Riegel- und Fensterelementfassaden des äußeren Mantelbaus, inklusive Innenhöfen und Eingangsbereich, wurden fertig montiert.</p>
